 -4*u + 19. What are the prime factors of x?
7
Suppose 3*g - 416 = -5*s, -4*s + 0*g - 2*g + 332 = 0. List the prime factors of s.
2, 41
Let x be (-4)/((-4)/3) - 0. Suppose 0*v + x*v - 51 = 0. Let h = v - 12. What are the prime factors of h?
5
Suppose 0 = 2*j - 5*j + 3*r, 3*j + 2*r - 15 = 0. Suppose 5*z - 55 = -0*z + h, -2*h + 46 = 3*z. Suppose 4*s - z = s, -j*s + 19 = m. List the prime factors of m.
7
Let b(s) = s**3 + 6*s**2 - 8*s - 5. What are the prime factors of b(-7)?
2
Let v be (-1)/(-2) + 378/(-4). Let r = 138 + v. List the prime factors of r.
2, 11
Suppose 0 = 5*t + 3*n - 137, -4*t = 5*n + 16 - 123. List the prime factors of t.
2, 7
Suppose -5*u + u + 20 = -5*w, 0 = 4*w - 4*u + 20. Suppose 0 = 5*i + 5*l + 5, -2*i + 0 = -5*l + 2. List the prime factors of (-2 + i)/(w - 1).
3
Let a = 321 + -69. What are the prime factors of a?
2, 3, 7
Suppose 11 = 2*y + 3*o, y - 2*o + 6 = 2*y. Suppose -y*s + 3*v = -57, -3 = v - 0. Suppose -4*u = -s - 12. List the prime factors of u.
2, 3
Let c(d) = -d**2 - 7*d + 3. Let w(i) = i + 4. Let q be w(-3). Let b be -1 + (2 - q) + -6. List the prime factors of c(b).
3
Let o(u) = u**3 + 5*u**2 + 4*u + 4. Let h be o(-4). Suppose -h*f - 3*g = -13, -5*g = 4*f - 2 - 1. What are the prime factors of f?
7
What are the prime factors of ((-3)/(-5) + 3155/(-175))*-7?
2, 61
Suppose x = -5 + 10. Suppose 4*t + x*n - n - 20 = 0, 2*t - 5*n + 4 = 0. List the prime factors of (-1 + 0)*-2 + t.
5
Let r = -9 - -21. List the prime factors of r.
2, 3
Let x(z) = -z**3 + 8*z**2 - 5*z - 10. Let m = 6 + 1. What are the prime factors of x(m)?
2
Suppose 0*j + 2*j = 10, -j + 5 = -4*h. Suppose h = x + x - 64. List the prime factors of x.
2
Let j be (6/(-1))/(3 + -1). List the prime factors of (4 - j) + -1 - 1.
5
Suppose 2*z + 24 = 4*t - 2*t, 3*z - 12 = 0. Suppose t = 2*u - 16. What are the prime factors of u?
2
Let w(s) = -44*s**2 + 4. Let n(b) = 11*b**2 - 1. Let k(a) = 9*n(a) + 2*w(a). List the prime factors of k(1).
2, 5
Let t = -36 - -98. What are the prime factors of t?
2, 31
Let i(p) = 2*p**3 + 3*p**2 - 2*p + 3. List the prime factors of i(4).
3, 19
Let j(c) = -4*c - 3. Let x be j(-2). Suppose -x*i = 21 + 44. Let f = 29 + i. List the prime factors of f.
2
Suppose -189 = -2*j - 3*j - 4*r, 4*j - 184 = 5*r. What are the prime factors of j?
41
Let n be (0/2 - -22) + 2. Suppose 0 = -b + n - 4. List the prime factors of b.
2, 5
Suppose 0 = 6*c - c + 270. Let f = c + 81. Suppose 2*u - f = -u. What are the prime factors of u?
3
Let i = -7 - -2. Let g(h) = 4*h**2 + 9*h**2 + 5 + 5*h - 12*h**2. What are the prime factors of g(i)?
5
What are the prime factors of -399*-1*(-5)/(-15)?
7, 19
Let h(c) = 19*c**3 - 3*c**2 + 2*c + 1. List the prime factors of h(2).
5, 29
Let f be 4 - (0/(-3) + 0). Suppose -f*w = -3*w - 36. Let h = -22 + w. List the prime factors of h.
2, 7
Let k = 6 + -4. Let a = 4 - k. Suppose -2*x = 2*v - 5*x + 1, 5*v - 14 = a*x. List the prime factors of v.
2
Suppose -4*x + 12 = 5*r, 0*r - r = -5*x + 15. Suppose -x*q = -g + 5 - 2, 0 = 2*q - 5*g + 15. Let h = 3 - q. List the prime factors of h.
3
Let i(c) be the third derivative of -c**4/8 - c**3 - 2*c**2. What are the prime factors of i(-7)?
3, 5
Let f = -16 - -82. Let z = -32 + f. What are the prime factors of z?
2, 17
Let j(m) = m**3 - 5*m**2 + 8*m - 9. Let n be j(5). Suppose 32*v = n*v + 19. List the prime factors of v.
19
Suppose 2*c - 15 = -c. Suppose -n = -1, 2*a = c*a + n - 70. List the prime factors of a.
23
Let y be (-4)/2 - (-4 - -8). Let r = y + 8. List the prime factors of r.
2
What are the prime factors of (34/(-4))/((-11)/22)?
17
Suppose -5*h + 5 = -0*x - x, 5*x = -h - 25. Suppose -3*t = -4*j - 18, 2*j + 2*j = -t - 10. Suppose -t*k + h*k = -20. List the prime factors of k.
2, 5
Suppose 2*a - 12 = -3*a + 2*h, 0 = 2*a + 2*h - 2. Suppose 0 = 3*x + 18 - 66. Suppose -3*n + 3 = 0, a*t - x = 3*n - 1. What are the prime factors of t?
3
Suppose -4*t = -q + 120, -7*t - 10 = -5*t. List the prime factors of q.
2, 5
Suppose -7*w + 4*w + 9 = 0. List the prime factors of (-2)/w - 456/(-36).
2, 3
Let k(r) = -r**3 - 3*r**2 + r - 5. Let s be (1*-6)/2 + -1. Let z be 1/(-4) + 15/s. What are the prime factors of k(z)?
7
Suppose -3*o - 3*w + 244 = o, 310 = 5*o + 5*w. What are the prime factors of o?
2, 29
Let u = -66 + 139. What are the prime factors of u?
73
Suppose -j - 40 = -3*j. List the prime factors of j.
2, 5
Let u(p) = p**2 + p - 5. Let v(m) = m**2 + 8*m + 5. Let o be v(-8). Let h be u(o). What are the prime factors of (-3)/6 - h/(-2)?
2, 3
Let r be (-1 - 1) + (2 - 32). Let l be 24/r + 182/8. What are the prime factors of (-5 - 1)*(-11)/l?
3
Suppose 2*t - 3 = t. Suppose t*h - 2*s - 12 = h, -5*h = -s - 18. Suppose 64 = h*y + 19. List the prime factors of y.
3, 5
Let a be 2/(-5) - (-69)/(-15). Let d be (a/15)/(1/3). What are the prime factors of (-1 + d)/(7/(-42))?
2, 3
Let l be 2/(-9) - (-150)/(-54). What are the prime factors of 10 - ((-4)/(-4) - l)?
2, 3
Suppose 2*f - 2*l = -0*f + 110, 0 = 5*l - 10. List the prime factors of f.
3, 19
Suppose -10*u + 15*u = 245. List the prime factors of u.
7
Let l(w) = w**3 - 12*w**2 + 1. Let b be l(12). What are the prime factors of b - 2 - 162/(-6)?
2, 13
Suppose -3*w + 83 - 14 = 0. What are the prime factors of w?
23
Let j be (-115)/(-15) + (-2)/3. Let k(f) be the third derivative of -f**5/60 + 3*f**4/8 - 4*f**3/3 + f**2. What are the prime factors of k(j)?
2, 3
Let p = 45 + 323. List the prime factors of p.
2, 23
List the prime factors of (3 - (-52)/(-8))*-2.
7
List the prime factors of 149/1 + -4 + 4 - 3.
2, 73
Let i(o) = 157*o - 1. List the prime factors of i(1).
2, 3, 13
Let s(x) be the first derivative of 4*x**2 + 3*x - 2. Let f be s(4). Suppose o + 5*d = -4*o + f, -o + 3*d + 3 = 0. What are the prime factors of o?
2, 3
Let f be 4*(-2 + 4 + -1). List the prime factors of ((-2)/(f/10))/(-1).
5
Let d = -26 - -73. List the prime factors of d.
47
Let p be ((-14)/21)/((-2)/(-18)). Let l = p + 11. What are the prime factors of l?
5
Suppose 0 = y - 24 - 45. List the prime factors of y.
3, 23
Suppose 0 = 5*r + 20, t + 3*r + 150 = 4*t. List the prime factors of t.
2, 23
Suppose -2*m - v = -46, -2*m + 2*v + 46 = v. List the prime factors of m.
23
Let o(n) = n - 4. Let k be o(9). Let j(l) = -l**3 + 5*l**2 + 4. Let g be j(k). List the prime factors of ((-2)/g)/(5/(-20)).
2
Suppose 0 = 4*h + 5*k - 129, 0 = -5*h + k - 0*k + 154. What are the prime factors of h?
31
Let f = -32 - -66. Suppose 12 = 2*d - f. What are the prime factors of d?
23
Let j(l) be the third derivative of 0*l + 1/24*l**4 + 0 + 7/3*l**3 + 4*l**2. What are the prime factors of j(-10)?
2
Let b(m) = -m + 11. Suppose -20 - 20 = -5*z. Let s be b(z). Suppose s*o + 2 - 14 = 0. What are the prime factors of o?
2
Suppose 5*b = 9*b - 116. List the prime factors of b - (4 + (1 - 2)).
2, 13
What are the prime factors of (-1 - 1) + 3 + 18?
19
Suppose -36*l = -39*l + 453. List the prime factors of l.
151
Let l(q) = -q**2 + 7*q + 1. What are the prime factors of l(6)?
7
Let n(j) = j**3 + j**2 + 2*j + 4. Let u be n(-4). What are the prime factors of (1 - -1)/((-8)/u)?
13
Suppose -2*m + 58 = v, -2*v = 5*m - 0*v - 146. What are the prime factors of m?
2, 3, 5
Let q = 3 + 2. Let x(g) = g**3 - 4*g**2 - g - 5. List the prime factors of x(q).
3, 5
Let h(b) be the first derivative of -b**2/2 - 2*b - 1. Let r be -3 + (2 - 2) - 8. What are the prime factors of h(r)?
3
Let h be (-4)/10 + 54/10. Suppose 0 = 5*n + h*t, -3*n = 2*n - 4*t + 18. Let q = n + 5. List the prime factors of q.
3
Suppose -3*s + 34 + 11 = 0. Suppose 5 = 5*w - s. List the prime factors of w.
2
Suppose 0 = 5*x - x - 12. Suppose x*r + 13 = 2*r. Let q = r - -28. List the prime factors of q.
3, 5
Let t be (-3)/((-3)/36*2). Suppose 2*a - t = -a. What are the prime factors of a?
2, 3
Let l(m) = m**3 - 6*m**2 - 8*m + 10. Let c be l(7). Suppose 0 = -c*d + 6 - 21. List the prime factors of (-14)/d - 2/(-10).
3
Suppose -5*d + 23 - 3 = 0. What are the prime factors of d?
2
Suppose -2*t + 4*t - 15 = -q, -q - 20 = -5*t. Suppose 0 = t*b + 15, 3*n - 2*b = b + 18. List the prime factors of n.
3
Let d(n) = 3*n + 20 - 4*n + 2*n + 3. Let s be 0*((-1)/2 - -1). What are the prime factors of d(s)?
23
Let w(c) be the first derivative of -c**2 - 4*c - 1. List the p